What is -334133a (base 11) in base 3?
-102000121212001
Convert 3871d (base 15) to base 8.
540376
What is 220601 (base 9) in base 3?
20200200001
What is 36257541 (base 8) in base 2?
11110010101111101100001
What is -e4d78 (base 15) in base 10?
-725288
What is 24134124 (base 5) in base 4?
312300201
-1b0d16 (base 14) to base 2
-11101011000110011000
What is 3b7a8 (base 14) in base 9?
243520
-5215675 (base 10) to base 15
-6d05ba
Convert 4651405 (base 9) to base 6.
125514305
What is -758867 (base 14) in base 3?
-21111020011102
Convert 4623442 (base 7) to base 11.
364976
Convert 28b33a1 (base 12) to base 2.
11111010001000101101001
30104 (base 10) to base 5
1430404
Convert -11113012210 (base 5) to base 6.
-1114124533
-132100210320 (base 4) to base 7
-124264665
953ab (base 16) to base 13
1852a9
Convert 3805576 (base 10) to base 9.
7140237
-9530 (base 16) to base 3
-1221101112
-1527561 (base 13) to base 6
-400453003
1b201 (base 13) to base 5
3144232
What is -1111201122112 (base 3) in base 4?
-3003231230
What is 342413 (base 5) in base 4?
2333021
169f73 (base 16) to base 15
1e445b
42588 (base 11) to base 16
f1e7
-114619 (base 12) to base 9
-462423
Convert 33013232 (base 4) to base 7.
345365
-453213 (base 12) to base 8
-4155157
Convert 1b9882 (base 15) to base 11.
841202
1221730 (base 8) to base 3
122010002011
What is -6100 (base 10) in base 9?
-8327
Convert -3dd12a (base 16) to base 3.
-21121211021000
13366252 (base 7) to base 10
1243510
Convert -4605360 (base 7) to base 13.
-170c73
Convert 137545 (base 8) to base 16.
bf65
Convert 311232223 (base 4) to base 3.
102011212221
Convert 22306 (base 10) to base 16.
5722
What is -38297d (base 16) in base 15?
-4ca85c
Convert -1263760 (base 8) to base 12.
-151040
111100111001001111 (base 2) to base 9
420126
What is -234c (base 15) in base 7?
-30600
-6108763 (base 9) to base 3
-20010022212010
21133223212 (base 4) to base 7
30104512
What is 212103130 (base 4) in base 6?
3210204
What is -70918 (base 13) in base 15?
-3ea64
Convert -127ad (base 14) to base 8.
-130565
e5c6 (base 15) to base 16
bdb1
What is 11110010101101100 (base 2) in base 13?
44741
24303033 (base 5) to base 8
676246
133ba (base 14) to base 3
2102000120
What is -1b3424 (base 13) in base 2?
-10101001001000011001
Convert 664741 (base 12) to base 9.
3046534
Convert 2565042 (base 7) to base 2.
1010001111001111100
Convert -438924 (base 10) to base 12.
-192010
-12122222012 (base 3) to base 11
-76868
What is -1312001431 (base 5) in base 14?
-602b20
552140225 (base 6) to base 3
200122011220022
-90798c (base 13) to base 7
-40355664
Convert 2063424 (base 7) to base 3.
110202020100
Convert 220200133 (base 4) to base 14.
44675
Convert 1312443 (base 6) to base 8.
214313
8b000 (base 12) to base 15
39bb6
-200301110003 (base 4) to base 10
-8590595
What is 212212 (base 8) in base 6?
1303430
82f5b (base 16) to base 8
2027533
What is -1762908 (base 10) in base 4?
-12232121130
Convert 1d2b1b (base 16) to base 12.
7822a3
94122 (base 15) to base 14
c30b4
What is 12111345 (base 6) in base 14?
9d65b
54a3cc (base 13) to base 2
111100110101010001010
Convert 4600441 (base 7) to base 16.
8b90f
What is b4847 (base 14) in base 11?
277a61
What is -251101131 (base 6) in base 8?
-22271457
What is 636204 (base 8) in base 4?
303302010
What is -9134926 (base 10) in base 13?
-1b7aba8
What is 4421545 (base 6) in base 14?
5a637
56a18 (base 12) to base 10
115508
Convert 30104431 (base 7) to base 10.
2489026
-11101100000010010010 (base 2) to base 5
-221414202
Convert -11b5ba (base 12) to base 15.
-5ab5d
Convert -d72 (base 16) to base 10.
-3442
What is -48b85 (base 14) in base 3?
-100001000111
Convert -4210562 (base 7) to base 14.
-d2a32
What is 141140044 (base 5) in base 6?
23305411
Convert 1031331022 (base 4) to base 16.
4df4a
1304107 (base 9) to base 15
e0c97
What is -100110101110110010 (base 2) in base 11?
-a9210
-161310 (base 7) to base 8
-75736
1223940 (base 10) to base 16
12ad04
What is 4216558 (base 9) in base 3?
11020120121222
What is -10731443 (base 8) in base 3?
-11101212100120
-22011221121 (base 3) to base 4
-213110233
What is e24b5 (base 16) in base 5?
214130101
What is -1557677 (base 10) in base 6?
-53215245
What is 5335 (base 12) in base 11?
6935
-20220221022 (base 3) to base 15
-2a5a2
What is -4106c7 (base 13) in base 11?
-9451a1
Convert -3836425 (base 9) to base 4.
-13332201233
2552401 (base 6) to base 2
100001111111110001
Convert 15405321 (base 9) to base 7.
122165323
What is -258086 (base 14) in base 3?
-2102112021022
What is 1380428 (base 10) in base 16?
15104c
-2133233 (base 5) to base 4
-20331111
What is -10500523 (base 7) in base 12?
-379454
-2203721 (base 9) to base 13
-325a5c
Convert -6604b7 (base 12) to base 6.
-54403151
What is -7f7811 (base 16) in base 10?
-8353809
Convert -347551 (base 10) to base 9.
-578667
What is -30303300 (base 4) in base 10?
-52464
What is 10501 (base 9) in base 5?
210332
What is 10114342012 (base 5) in base 11?
5901345
What is -956c (base 16) in base 9?
-57422
What is 8d2613 (base 14) in base 4?
102111333221
-105424455 (base 6) to base 12
-79b12b
1203100200 (base 4) to base 2
1100011010000100000
Convert -11253114 (base 7) to base 14.
-1ba044
What is -12a3b9 (base 12) in base 4?
-1023032331
-213243321 (base 6) to base 12
-1333541
Convert -595b76 (base 12) to base 15.
-1d6ed3
8a9baa (base 12) to base 6
115251534
-28215 (base 11) to base 6
-510020
110101110000101110 (base 2) to base 6
4415250
What is -218521 (base 9) in base 12?
-63917
What is -1511580 (base 10) in base 12?
-60a910
What is 112013323100 (base 4) in base 10?
5799632
What is 233725 (base 12) in base 11?
357350
Convert -4004211 (base 6) to base 5.
-22000232
What is 322cac (base 15) in base 16?
2473fb
What is 142372 (base 9) in base 12?
4246b
-286a2 (base 16) to base 11
-10340a
What is 22369 (base 13) in base 10?
62110
What is -260617 (base 8) in base 6?
-1535011
-1618e (base 16) to base 6
-1535010
Convert -3222321004 (base 5) to base 12.
-2359827
Convert -3240740 (base 13) to base 11.
-8727044
2663997 (base 10) to base 8
12123075
1024030513 (base 6) to base 5
10233001034
What is 63bde (base 15) in base 11?
1a6921
2201420 (base 6) to base 16
1aab4
What is 305652 (base 7) in base 12?
26443
10110000111101001100 (base 2) to base 6
23311340
-3615 (base 16) to base 9
-20883
What is -4040064 (base 9) in base 6?
-114043134
-1d659 (base 14) to base 5
-4402333
What is -2121121 (base 6) in base 10?
-103945
31236455 (base 7) to base 12
a6a965
Convert 5df0ec (base 16) to base 15.
81924e
-234310243 (base 5) to base 9
-2037648
What is -241066 (base 8) in base 15?
-19691
What is -212422232 (base 5) in base 8?
-3346764
Convert 1320022301 (base 4) to base 9.
830158
What is -47626 (base 11) in base 12?
-33877
Convert -1a20b0b (base 13) to base 9.
-17155215
-1606355 (base 7) to base 2
-110101111001000000
What is 354370 (base 9) in base 5?
23310144
What is -a8982 (base 13) in base 12?
-128491
-20101210122 (base 3) to base 13
-45452
-5347 (base 9) to base 2
-111101011011
-43792 (base 12) to base 6
-1525102
What is 3a64c3 (base 13) in base 14?
28b1aa
-323032010 (base 4) to base 2
-111011001110000100
-21120012110 (base 3) to base 6
-3105103
What is c4f0 (base 16) in base 2?
1100010011110000
Convert -102231 (base 6) to base 14.
-304b
Convert 1a9fd (base 16) to base 6.
2200513
What is 223001 (base 16) in base 12?
900715
51444622 (base 8) to base 10
10897810
What is a4ca (base 14) in base 15?
8637
23303331333 (base 4) to base 8
13637577
Convert 8929d (base 16) to base 7.
4526651
-cad739 (base 15) to base 14
-13d7d5c
75546 (base 8) to base 12
16346
What is 46130564 (base 8) in base 3?
200211101212221
-9a7756 (base 15) to base 13
-16ab932
What is a45ff (base 16) in base 9?
1235507
What is 2314334101 (base 5) in base 13?
11119b2
What is 342511 (base 8) in base 14?
30409
-154022555 (base 7) to base 4
-213201001211
What is -643072 (base 12) in base 5?
-401044311
Convert -482021 (base 9) to base 12.
-11bb01
11304340 (base 5) to base 7
611251
Convert -13031054 (base 7) to base 10.
-1184075
Convert 6b3323 (base 13) to base 15.
355421
-150340 (base 7) to base 5
-1411422
-11324436 (base 8) to base 16
-25a91e
Convert 566705 (base 8) to base 14.
4dd41
-252606 (base 7) to base 10
-46605
-6201566 (base 7) to base 14
-1